hen s is divided by v(-2).
14
Let c = 201 + -154. Calculate the remainder when c is divided by 2*-9*(-10)/15.
11
Let n(o) = o**3 - 18*o**2 + 35*o + 41. What is the remainder when n(16) is divided by 23?
20
Let t = 218 + -6. What is the remainder when 234 is divided by t?
22
Suppose 0 = 5*x - 10, x + 12 = 2*n + 3*x. Let h be 4 - (n + -1 + -4). Let t(o) = 4*o - 7. What is the remainder when t(h) is divided by 4?
1
Suppose 364 = 6*c - 2*c. Let i = -48 + c. Suppose 5*t + 8 = i. What is the remainder when t is divided by 2?
1
Suppose 3*o - 56 = o. Suppose 7*a - 795 = -18. Calculate the remainder when a is divided by o.
27
Let b be 8/(-4) + 4 - -72. Suppose 0*t - 2*k + b = 3*t, 0 = -t - 4*k + 18. What is the remainder when 51 is divided by t?
25
Suppose -10*l - 426 + 626 = 0. What is the remainder when 25 is divided by l?
5
Suppose 4*w - 35 = 3*l, -2*w + l = -17 + 2. Suppose 8 + 2 = -w*m. What is the remainder when 3 is divided by (0 - (4 + m))/(-2)?
0
Calculate the remainder when 186 is divided by (-4)/((136/96)/(-17)).
42
Let c(u) = 2*u + 19. Suppose -3*s = 3*o - 8*o + 60, 4*o + s - 65 = 0. Calculate the remainder when c(o) is divided by 17.
15
Suppose -3*o = -15, 3*o - 28 = 5*v - 103. Calculate the remainder when 182 is divided by 1*372/v*6/4.
27
Let y(j) = -2*j**2 + 0*j - j**3 - 3*j - 105 + 98 - 2*j**2. Calculate the remainder when y(-5) is divided by 18.
15
Let y = -316 - -369. What is the remainder when y is divided by 21?
11
Suppose 5*l - 32 = l. Suppose 0 = 13*g + 33*g - 1288. What is the remainder when g is divided by l?
4
Suppose 0 = 3*y - 8 - 13. Let b = 4266 + -4254. What is the remainder when (-468)/(-21) - 2/y is divided by b?
10
Calculate the remainder when 1288/10 - 4/(-20) is divided by 26.
25
Calculate the remainder when ((-272)/(-64))/((-5)/(-20)) is divided by (3 - 2)/((-2)/(-10)).
2
Let t be 11*(-5 + 4)*3. Let n = t - -61. Suppose -10 = -2*b + 6. Calculate the remainder when n is divided by b.
4
Let p = 174 - -511. What is the remainder when p is divided by 43?
40
Suppose 0 = p - 2*i - 2, -i - 22 = -5*p + 15. Let t(j) = -4*j**3 - 3*j**2 - j + 1. What is the remainder when t(-2) is divided by p?
7
Let z be 0/((-2 + 0)/2). Suppose -3*a + 0*a + 105 = z. What is the remainder when a is divided by 124/7 - 4/(-14)?
17
Let p(r) = r**2 + 5*r - 3. Let h be p(-6). Suppose -4*b + 80 = -5*m - 27, m = -h*b + 66. Let o(l) = 16*l - 5. What is the remainder when o(3) is divided by b?
20
Suppose -8*x + 16*x = 256. Calculate the remainder when x is divided by 2.
0
Let k = 90 - 82. Suppose 0 = 3*s - 7*s + 184. What is the remainder when s is divided by k?
6
Calculate the remainder when 62*2/(2 + -1) is divided by 9.
7
Calculate the remainder when 68*(-3*(-5)/(-10) - -2) is divided by 6.
4
Suppose -2*y = 5*v - 34, -3*v + 0*y + 10 = -4*y. What is the remainder when -2 + v - (-18 + -1) is divided by 5?
3
Let x be ((-2)/2)/1 - -59. Let h = x - 3. Let l = -6 + h. What is the remainder when l is divided by 25?
24
Let s(v) = -v**3 - v**2 - 2*v + 21. Calculate the remainder when 57 is divided by s(0).
15
What is the remainder when 139 is divided by ((-15)/20)/(3/2)*-36?
13
Let g be 1/((-321)/(-81) + -4). Let q = g + 39. What is the remainder when 57 is divided by q?
9
Suppose 7 = -h + 4*w + 28, 4*h + 4*w = 4. Suppose -p = -h*p - 4. What is the remainder when 15 is divided by -10*p/(-10)*-4?
3
Let y(p) = 11*p**3 + 9*p + 4 + p**2 + 4*p**2 - 12*p**3. What is the remainder when 80 is divided by y(6)?
14
What is the remainder when ((-2)/4*23)/(13/(-312)) is divided by 55?
1
Calculate the remainder when 94 is divided by 35/(-10)*480/(-84).
14
Suppose -179*c = -192*c + 338. What is the remainder when 38 is divided by c?
12
Suppose -5*d - 40 = -75. Let a(s) = -5*s + 25. What is the remainder when a(-6) is divided by d?
6
Let r(h) = -5*h - 3. Suppose 39 = 4*n + 5*s, n + 2 - 11 = -s. What is the remainder when r(-5) is divided by n?
4
Let a = 14 + -12. Suppose -a*z + 100 = -d, 2*d + 18 = -z + 68. Calculate the remainder when z is divided by (-1)/(-2)*-1*-36.
14
Suppose 4050 = 28*t + 578. Calculate the remainder when t is divided by 16.
12
Let s be (1*-3)/(1/(-1)). Let p be (-7 - 66/(-9))*-3. What is the remainder when 13 is divided by 3 + 2/(p + s)?
1
Let u = 601 - 376. Suppose 0 = 5*d - 42*d + 1406. What is the remainder when u is divided by d?
35
Let q be (-477)/(-12) - (-15)/(-20). Suppose -t = -z + q, 5*t + 74 = 4*z - 87. Calculate the remainder when z is divided by 12.
10
Let m(x) = 18*x**3 + x**2. Let g be (9/(-6))/((-6)/8). Suppose -5 = h + g*q, -10 = -2*h + 3*q + 1. Calculate the remainder when m(h) is divided by 10.
9
Suppose -5*v = -3*j - 242, 7*v - 11*v + 4*j + 200 = 0. What is the remainder when v is divided by 16?
14
Let y(b) = -2*b**2 + 33*b + 13. Let l be y(14). Let r = l + -56. Let w(z) = -26*z - 1. What is the remainder when w(-2) is divided by r?
24
Let m(a) = a**2 - 4*a - 44. Calculate the remainder when m(-9) is divided by 62.
11
Let z = 34 - -2. Suppose 6*m = m + 230. What is the remainder when (m/3)/(24/z) is divided by 8?
7
What is the remainder when (-76 - -73)*(-1 + 1462/(-6)) is divided by 67?
64
Suppose -5*b = -395 - 20. Suppose -15*k + 16*k = b. What is the remainder when k is divided by 14?
13
Suppose 5*d - 133 = m, 2*d + 23 = 2*m + 73. Suppose 280 = 2*j - 3*p, 138 = j + 2*p - 3*p. What is the remainder when j is divided by d?
26
Let u be (-1)/1*2*-1. Suppose 3*m + 4*a + 4 = 0, a - u + 6 = 0. Suppose -y = 5*j + 20 - 45, -3*j = -5*y + 41. Calculate the remainder when y is divided by m.
2
Suppose 82 + 86 = 2*f + 4*r, -r = f - 79. What is the remainder when 2514 is divided by f?
72
Suppose 3*b = -19*b + 4620. Suppose 4*j + j - b = 0. Calculate the remainder when j is divided by 15.
12
Let r(y) = -y**3 - 3*y**2 - 5*y + 2. Let c be 1*6/(-9)*(-4 + 7). Calculate the remainder when (-42)/9*9/(-3) is divided by r(c).
6
Suppose 0 = 4*y - 3*a - 242, 0 = 4*y - a - 65 - 173. What is the remainder when 175 is divided by y?
57
Let y be 745/15 + 4/(-6). Suppose -4*z + 19 = -y. What is the remainder when 66 is divided by z?
15
Suppose -13 = -n - 16. Let z = 7 + n. What is the remainder when z is divided by 2?
0
Suppose 0*o + 4*o + x - 24 = 0, 0 = o - x - 6. Calculate the remainder when o/(4 - 38/10) is divided by 16.
14
Suppose 3*h = 2*m + 149, -2*h - m = 3*h - 257. What is the remainder when h is divided by (-11 + -16)/(-3) + 18?
24
Let z = 1090 - 951. Calculate the remainder when z is divided by 10.
9
Let i = -1 + 41. Suppose 3*h + 5*m = i, -5*h - m + 56 = 2*m. Calculate the remainder when 47 is divided by h.
7
Suppose 2*p = -2*g + 8, 0 = g + 3*p - 4*p - 6. Suppose 0 = -q - g*q + 48. What is the remainder when 23 is divided by q?
7
Suppose 5*b - 60 - 63 = 3*r, 5*b = -r + 119. What is the remainder when 40 is divided by b?
16
Suppose 53 - 5 = 4*r. Suppose -18*y = -7*y - 253. What is the remainder when y is divided by r?
11
Let y be 16/(-4) + (13 - -3). Let d = 64 - y. What is the remainder when d is divided by 9?
7
Suppose 0 = -2*u - 5*w + 122, -73 - 160 = -3*u + 5*w. What is the remainder when u is divided by 19?
14
Let g = 540 + 323. What is the remainder when g is divided by 108?
107
Let a(h) = h**3 + 6*h**2 - 21*h - 32. What is the remainder when 100 is divided by a(-8)?
4
Suppose 2*b - 177 = -b. Let v = -41 + b. Let w(q) = 2*q**2 - 6*q - 21. Calculate the remainder when w(7) is divided by v.
17
Suppose p - 3 = -1. Let d = -19 - -44. What is the remainder when p/(-6) - 284/(-6) is divided by d?
22
Calculate the remainder when 2786/3 + 24/(-36) is divided by 93.
91
Let p(b) = b**2 - 194. What is the remainder when p(21) is divided by 9?
4
Let y = -9 + 22. Suppose -y + 1 = -4*x. What is the remainder when 7 is divided by (-1)/((x/6)/(-1))?
1
Calculate the remainder when (-2)/(6732/(-3357) + 2) is divided by 34.
33
Suppose -2*i + 3*x = -0*i + 12, -5*x = i + 32. What is the remainder when 34 is divided by i/(-48) - 71/(-4)?
16
Suppose -10*w = -16*w + 276. Calculate the remainder when w is divided by 8.
6
Let w(m) = -m**3 + 11*m**2 + 15*m + 3. What is the remainder when 80 is divided by w(12)?
2
Suppose 3*s - 4 - 62 = 0. Let n = s - 0. Let v = 75 - 67. What is the remainder when n is divided by v?
6
Let b(i) = i**3 + 10*i**2 + i + 11. Let k be b(-1